5
Convert 401 (base 9) to base 15.
16a
What is -258 (base 11) in base 14?
-17b
What is -335 (base 16) in base 9?
-1112
Convert 91 (base 13) to base 5.
433
91a (base 13) to base 9
2105
-103331 (base 4) to base 12
-8a5
Convert 57157 (base 8) to base 14.
8b4b
What is -11414 (base 5) in base 11?
-711
What is -110023 (base 4) in base 11?
-a74
What is 3446 (base 7) in base 8?
2353
Convert 393 (base 12) to base 4.
20133
212 (base 16) to base 14
29c
Convert -101110101000010 (base 2) to base 13.
-ab36
-1202214 (base 5) to base 3
-1010102122
What is 25b2 (base 15) in base 6?
101122
Convert 144b4 (base 13) to base 16.
951c
Convert -50848 (base 11) to base 2.
-10010000111110001
Convert 6005 (base 12) to base 6.
120005
-10603 (base 7) to base 12
-168a
What is 848 (base 11) in base 5?
13040
Convert 3b5 (base 12) to base 16.
239
Convert 432322 (base 5) to base 6.
152040
-46144 (base 7) to base 15
-372d
Convert -123320 (base 4) to base 15.
-7de
What is 11536 (base 7) in base 6?
21544
Convert -159 (base 12) to base 2.
-11010101
211222121 (base 3) to base 14
616c
13331130 (base 4) to base 8
77534
-63f0 (base 16) to base 10
-25584
-100101110111 (base 2) to base 7
-10031
Convert -221b (base 12) to base 5.
-110032
-11200221 (base 3) to base 7
-12664
What is -214 (base 10) in base 13?
-136
Convert -582 (base 9) to base 11.
-3a6
What is -110121 (base 4) in base 5?
-20210
-140253 (base 7) to base 12
-13443
Convert -1845 (base 12) to base 15.
-d08
What is 13130132 (base 4) in base 5?
1433434
345134 (base 6) to base 7
152305
Convert 607 (base 14) to base 10.
1183
What is 220 (base 7) in base 2?
1110000
Convert -20100 (base 5) to base 10.
-1275
Convert 236 (base 8) to base 6.
422
23ab (base 12) to base 5
112034
What is 31d (base 15) in base 3?
222001
Convert -4012 (base 6) to base 9.
-1168
2829 (base 10) to base 8
5415
Convert -923 (base 13) to base 6.
-11102
1113330 (base 5) to base 3
1000012211
-1110000001101 (base 2) to base 5
-212211
What is 2021022 (base 3) in base 2?
11001110111
Convert -21120 (base 3) to base 8.
-314
What is -100 (base 2) in base 14?
-4
Convert -1881 (base 9) to base 3.
-1222201
-2322 (base 5) to base 6
-1321
545 (base 7) to base 3
101022
Convert -16226 (base 10) to base 9.
-24228
What is 636 (base 7) in base 10?
321
Convert -111231 (base 6) to base 10.
-9379
Convert -15154 (base 7) to base 11.
-3182
What is -121b (base 16) in base 15?
-1590
Convert 1512 (base 10) to base 6.
11000
76 (base 9) to base 13
54
What is 7a47 (base 15) in base 9?
38524
Convert -2002 (base 6) to base 14.
-230
What is 25006 (base 9) in base 15?
4e83
What is -157f (base 16) in base 12?
-3227
400133 (base 5) to base 12
7313
Convert -14 (base 10) to base 3.
-112
Convert -1110000101 (base 2) to base 7.
-2425
Convert 393 (base 13) to base 11.
520
Convert -22313230 (base 4) to base 15.
-d2d4
-1232443 (base 5) to base 13
-ac98
What is -222220 (base 7) in base 13?
-14b06
Convert 2100133 (base 5) to base 14.
c786
-603a (base 11) to base 13
-3868
Convert 667a (base 11) to base 13.
400b
What is 7258 (base 13) in base 4?
3312232
What is 1333 (base 6) in base 7?
1002
Convert -331120 (base 4) to base 15.
-126d
-235 (base 11) to base 4
-10120
-1000101 (base 2) to base 8
-105
What is 10011000 (base 2) in base 15?
a2
-221020 (base 3) to base 4
-22221
What is -2242 (base 8) in base 3?
-1121221
What is -472 (base 13) in base 12?
-541
Convert -2665 (base 10) to base 14.
-d85
What is 1701 (base 16) in base 12?
34a9
Convert 200100 (base 4) to base 8.
4020
3103400 (base 5) to base 9
76213
-3142 (base 15) to base 8
-24254
Convert -3244 (base 8) to base 6.
-11512
What is -5752 (base 8) in base 15?
-d85
What is -1a96 (base 13) in base 10?
-4010
-20100 (base 4) to base 8
-1020
11546 (base 7) to base 2
101111001111
What is -a8d (base 15) in base 10?
-2383
What is 456 (base 13) in base 11?
61a
What is -2a64 (base 16) in base 13?
-4c2a
-3655 (base 8) to base 11
-1527
Convert 606 (base 14) to base 11.
985
Convert 52211 (base 9) to base 8.
103203
What is -1a5 (base 16) in base 13?
-265
Convert -789 (base 12) to base 2.
-10001011001
Convert 287 (base 11) to base 9.
414
Convert -61477 (base 8) to base 6.
-313343
What is -2b86 (base 13) in base 9?
-8650
Convert 231255 (base 7) to base 10.
41298
3233 (base 9) to base 6
15003
Convert 5199 (base 16) to base 15.
62c9
-20241 (base 5) to base 13
-7a8
Convert 1c39 (base 16) to base 14.
28c1
What is 146 (base 10) in base 11?
123
Convert -1010222222 (base 3) to base 9.
-33888
-100101110 (base 2) to base 5
-2202
What is -5885 (base 10) in base 7?
-23105
4a2 (base 12) to base 15
318
d221 (base 14) to base 3
1211111210
Convert -4413 (base 5) to base 2.
-1001100000
What is 7472 (base 9) in base 2?
1010101110100
What is -1192 (base 10) in base 14?
-612
4143231 (base 5) to base 2
10000101111010110
Convert -8428 (base 12) to base 10.
-14432
What is 1011101011110 (base 2) in base 12?
3566
What is -10011010111011 (base 2) in base 5?
-304130
What is -122100100 (base 3) in base 4?
-3011211
What is 2132204 (base 5) in base 9?
55125
Convert 7b1 (base 12) to base 7.
3220
113062 (base 7) to base 9
30734
What is 40051 (base 6) in base 4?
1101133
303 (base 6) to base 4
1233
What is -259 (base 13) in base 3?
-120021
What is 5245 (base 6) in base 15?
53b
What is 65a4 (base 11) in base 3?
102221102
Convert -4706 (base 14) to base 13.
-5814
Convert -912 (base 10) to base 5.
-12122
-140434 (base 6) to base 9
-20004
Convert 280 (base 11) to base 16.
14a
Convert -412 (base 6) to base 9.
-178
What is 20b0 (base 14) in base 7?
22310
What is -1bc2 (base 14) in base 16?
-13ce
What is -1201 (base 5) in base 10?
-176
3053 (base 16) to base 9
17865
Convert -23415 (base 10) to base 4.
-11231313
What is -747 (base 10) in base 9?
-1020
Convert 1333333 (base 4) to base 8.
17777
Convert 11012 (base 3) to base 6.
305
Convert 3802 (base 14) to base 4.
2121022
Convert 2155 (base 8) to base 5.
14013
What is -649c (base 13) in base 16?
-36a3
What is 1b01 (base 12) in base 7?
12442
-6044 (base 7) to base 8
-4052
Convert -50460 (base 7) to base 14.
-4667
What is -3b0 (base 12) in base 15?
-279
Convert 5a19 (base 13) to base 16.
3199
Convert 1233 (base 7) to base 6.
2053
What is 44b (base 14) in base 12?
5ab
What is -1001 (base 11) in base 4?
-110310
Convert 20010122 (base 3) to base 14.
18b6
What is 574 (base 9) in base 5?
3342
Convert 3411 (base 13) to base 12.
4269
What is -40214 (base 6) in base 10?
-5266
Convert -1aaa5 (base 11) to base 15.
-8a1b
-15741 (base 8) to base 15
-21ac
What is 2203 (base 6) in base 10?
507
Convert -585 (base 14) to base 2.
-10001001001
What is 500451 (base 6) in base 11?
27385
-28cc7 (base 13) to base 6
-1351545
Convert 5156 (base 8) to base 6.
20210
23301 (base 5) to base 11
1307
-4355 (base 6) to base 13
-5c6
Convert -249 (base 10) to base 14.
-13b
Convert -100101010 (base 2) to base 16.
-12a
Convert -481 (base 12) to base 16.
-2a1
Convert db7 (base 14) to base 3.
10201100
What is -1462 (base 8) in base 10?
-818
Convert 12512 (base 6) to base 8.
3574
What is -3e5e (base 16) in base 14?
-5b66
Convert 129 (base 16) to base 8.
451
-14243 (base 6) to base 15
-a09
Convert -16b46 (base 12) to base 8.
-77746
What is -247 (base 9) in base 16?
-cd
640 (base 8) to base 4
12200
1517 (base 9) to base 10
1150
What is -fd (base 16) in base 15?
-11d
222110010 (base 3) to base 7
110133
1022030 (base 4) to base 9
6455
What is 12210 (base 6) in base 14?
930
Convert -2181 (base 13) to base 4.
-1020330
What is -10101011 (base 3) in base 14?
-c7b
69 (base 15) to base 11
90
Convert -714 (base 13) to base 11.
-9a1
What is -499d (base 16) in base 2?
-100100110011101
Convert 1e2 (base 16) to base 3.
122212
Convert 42514 (base 6) to base 2.
1011010101110
What is 427 (base 16) in base 7?
3046
-18477 (base 9) to base 2
-11000111110011
231013 (base 4) to base 10
2887
Convert -1347 (base 14) to base 10.
-3395
c34 (base 15) to base 8
5275
-10100001101 (base 2) to base 15
-5b3
1155 (base 8) to base 5
4441
Convert -102636 (base 7) to base 8.
-42626
1b2 (base 12) to base 9
338
What is -3a0 (base 16) in base 6?
-4144
Convert -7565 (base 8) to base 6.
-30153
What is -821 (base 13) in base 11?
-1044
2966 (base 10) to base 9
4055
Convert -43 (base 8) to base 16.
-23
Convert 609 (base 15) to base 11.
1026
Wh